ose -2*a - 5896 = c, 3*a = -4*c - 4661 - 18913. Is c/(-6)*2/4 a composite number?
False
Let y(b) = b**2 + b. Let n(w) = -40*w**2 + 6*w + 2. Let r(m) = -n(m) + 4*y(m). Let q be r(-3). Suppose 5*h = -5*p + q, 0 = -h - h + 5*p + 195. Is h composite?
True
Let m(k) = 1111*k**2 - 2*k + 2. Let l be m(2). Suppose -o - o = -l. Is o a composite number?
False
Suppose 9*c - 20*c + 2442 = 0. Let l = 244 + -77. Let q = c + l. Is q prime?
True
Let z(b) = -2*b**3 + 11*b**2 + 3 + 2*b - 6*b**2 + 3*b**3. Is z(-4) composite?
False
Let a be 28/12 - 3 - 2/6. Is (-14)/(273/(-267) - a) a composite number?
True
Suppose 2*m - 9122 = -2*q, 4*q - 13683 = -3*m - q. Is m prime?
True
Let u(p) = -4*p**3 - 5*p**2 - 85*p - 43. Is u(-23) a composite number?
True
Let r(f) = -5*f**3 - 2*f**2 - 10*f + 20. Is r(-9) a prime number?
True
Suppose 18*y - 27 = 13*y + s, -2*y + 14 = -2*s. Suppose y*a - 1921 = 4164. Is a a prime number?
True
Is -193279*(-1)/7 + (-12)/42 a prime number?
True
Is (-6)/(-4) + (-368195)/(-10) a composite number?
False
Suppose 0 = -10*h + 5*h - 3*q + 11605, -5*h + 2*q = -11605. Is h a composite number?
True
Let q = 1 + -3. Is (-1 - (-95)/q)*-6 prime?
False
Let m(q) = 621*q**2 - 26*q + 47. Is m(2) prime?
False
Suppose p = -3*y + 23 + 47, 0 = -3*y + 9. Let s = 87 - p. Suppose s = 2*q - 2*a, -2*q = 3*a - 19 - 17. Is q composite?
True
Let p(l) = -57*l**2 - 2*l - 12. Let o(z) = 57*z**2 + 2*z + 12. Let c(q) = -6*o(q) - 5*p(q). Let m be c(-10). Is m/(-28) + 4/(-14) prime?
False
Let c(a) = -a + 211. Is c(0) a composite number?
False
Suppose -2*u - 5 = -4*d - 1, 5 = -2*u + 5*d. Suppose u = 4*q - 407 - 757. Is q a composite number?
True
Let q = 11 + 20. Suppose -d + 4 + 45 = 4*m, 0 = -m - 4*d + q. Let f(t) = -t**2 + 14*t - 2. Is f(m) a composite number?
False
Let y = 31 - 22. Let i(g) = 2*g**3 - 8*g**2 - 5*g + 1. Is i(y) a composite number?
True
Let g = 80 + -77. Let x(r) = -r + 11. Let o be x(6). Suppose 441 = -0*s + o*s + i, g*i = -2*s + 166. Is s a prime number?
True
Is (35776/32)/(2*1) a prime number?
False
Suppose 5*c + 24578 - 220003 = 0. Is c prime?
False
Suppose 2057 = 3*y - 475. Is 2*y/(-8)*-1 a prime number?
True
Let w(s) be the third derivative of -s**5/60 - s**4/24 + 2*s**3/3 - 6*s**2. Let k be w(-5). Let r = 83 + k. Is r prime?
True
Let a = -74 + 909. Suppose 17271 - a = 4*c. Is c a composite number?
True
Is -2 - -9 - (17 + -6479) a composite number?
False
Let p(l) = 2*l - 16. Let g be p(10). Suppose v = g*v - 3369. Is v a prime number?
True
Suppose -3*x + 3 = -6. Suppose -4*d + 5*d - 3*n - 52 = 0, -3*d - x*n + 168 = 0. Is d prime?
False
Let v = 1332 - -1981. Is v a composite number?
False
Is 65/26*160086/15 prime?
True
Let f = -2733 + 6658. Suppose 2645 = 3*w - 2*i, -4*w - 397 + f = -3*i. Is w a prime number?
False
Is 174947/(221/(-13))*-1*1 a composite number?
True
Suppose -3*t - 193435 = 24*m - 29*m, 154748 = 4*m - 4*t. Is m prime?
False
Suppose -4*x + 1472 + 2226 = -3*n, -2*x = -4*n - 4924. Let f = n - -1949. Is f a composite number?
False
Let c be (-1)/1 + (604 - 0). Suppose c + 141 = 3*v. Suppose -v + 1420 = 4*x. Is x prime?
True
Let v be 1 + 3 - (1 + 0). Suppose -v*u + 37 = -56. Suppose 0 = -m - u + 89. Is m a composite number?
True
Let m(h) = 91*h**2 - 13*h + 5. Is m(5) composite?
True
Let q = -11933 + 23520. Is q a prime number?
True
Suppose -4*s + 5*n - 9*n = -17648, 17643 = 4*s + 5*n. Is s prime?
False
Let c(g) = 648*g**2 - 10*g - 63. Is c(-4) composite?
True
Suppose b - 1881 = 1118. Is b a prime number?
True
Let a(u) be the first derivative of -u**2/2 + 2149*u + 4. Is a(0) a prime number?
False
Suppose 53825 = 6*i + 6341. Is (-1)/3 + i/9 composite?
True
Suppose -3351 = 6*o - 9*o. Suppose 2*v = -4*f - 31 + 481, o = 5*v + 2*f. Is v prime?
True
Suppose -14*h = -17*h + 279. Is h composite?
True
Let r be ((-168)/(-70))/((-2)/10). Is -2 - ((-8)/(-12) + 101924/r) prime?
False
Suppose -3*t = 266 - 2852. Is t a prime number?
False
Suppose 0 = -4*r - 1563 + 291. Suppose -2*w - 194 = -4*j, 5*j = -4*w - 0*j - 453. Let v = w - r. Is v composite?
False
Let f be (-167 - 4)*(-22)/33. Let m = 297 - 200. Let a = f + m. Is a a prime number?
True
Suppose 466 = y - 33. Is y a composite number?
False
Is 6/(-24)*(0 - 1409)*20 prime?
False
Let a = 35 + -9. Let r be (a/4)/((-2)/4). Let u(h) = -7*h - 2. Is u(r) composite?
False
Suppose 3*q = -0*q + 12. Suppose 10*h - 11*h = -2, 3*y = 3*h + 6. Suppose -3*d - i = -380, q*d - i - y*i = 513. Is d a prime number?
True
Suppose 5296 = -3*n + 7*n. Suppose -n - 3580 = -4*y. Suppose -q + y = q. Is q a prime number?
True
Suppose -3*x = 2*x - 6885. Let b = x - 931. Is b prime?
False
Suppose -9*x - 7620 = -12*x. Suppose x = -4*p + 8*p. Is p composite?
True
Suppose 0 = -v - 4*h + 11693, 3*v + 5439 - 40482 = -3*h. Is v a prime number?
True
Suppose 0 = m - 14 - 14. Let s = m + 9. Is s a prime number?
True
Suppose -3*k = -1230 + 288. Let t be 18/(-6)*k/(-6). Is t - (-2 + 0 + 0) a prime number?
False
Let k(h) = -502*h - 31. Is k(-9) prime?
False
Suppose 0 = 9*l - 11*l - 4*x + 4338, -4*l + 3*x = -8731. Is l composite?
False
Suppose -16*d = -14268 - 20180. Is d composite?
False
Let y = 3845 - -21564. Is y prime?
True
Let o = -35 + 40. Suppose -5*l + o*d = -3513 + 408, 0 = 5*l + 3*d - 3121. Is l composite?
True
Let f(t) = -45*t**3 + 5*t**2 - 3*t - 7. Is f(-4) composite?
True
Is (-40)/(-80)*(-1 + 30987) a prime number?
True
Let g = -123 + -50. Suppose 2*m + 250 = v, 765 = 3*v + 45*m - 46*m. Let l = v + g. Is l composite?
False
Suppose 4*j - 900 = 2*x, 0*j = -2*j - 4*x + 440. Let k = j + 1487. Is k a prime number?
False
Let y(i) = -14*i + 5. Let s(c) = c**2 + 10*c - 12. Let n be s(-11). Let b(g) = g + 1. Let k(r) = n*y(r) + 5*b(r). Is k(1) composite?
False
Suppose 3*z = 6*z - 24. Suppose 212 = z*i - 4*i. Is i prime?
True
Suppose -4*q + 5*u = -7363, -q + 996 = 2*u - 861. Is q prime?
True
Let d = 189 - 129. Suppose -4*t - d = 4*h, -2*h + 0*t - 23 = -5*t. Is ((-7)/h)/(1/22) a prime number?
True
Suppose 21*o = 16*o. Is o + (-4)/(-6) + (-7252)/(-21) a composite number?
True
Let i = -372 - -1169. Is i a composite number?
False
Suppose -3*g = g - 2036. Suppose -2*y + g = -5*a - 5*y, 408 = -4*a - 2*y. Let w = 46 - a. Is w a composite number?
False
Is 42480 + ((-49)/(-7) - 18) a prime number?
False
Suppose -2 = -3*l + 4*l, 4*l + 1115 = -3*s. Is ((-14)/(-7))/((-6)/s) a composite number?
True
Suppose -6*x = -x - 10. Suppose x*z = 5*y - 2, -2*z - 2 = -2*y - 2*y. Suppose y = 3*p - 7*p + 140. Is p prime?
False
Suppose -9*y + 2*y = -1001. Suppose -163 = 4*z - 5*z. Suppose 6*j - y = z. Is j composite?
True
Let x(j) = j**3 + 58*j**2 - 334*j - 71. Is x(-58) prime?
True
Let b = 138 - -290. Suppose -33 = -l + b. Let d = l + -276. Is d prime?
False
Let u be (-15)/(-25) - 82/(-5). Let j = 11 - u. Let v = j - -13. Is v composite?
False
Suppose 6*r = -2*r + 3*d + 1192789, d - 596397 = -4*r. Is r prime?
True
Let h(l) be the second derivative of 677*l**4/12 + l**3/3 - l**2 - 26*l. Is h(1) a prime number?
True
Let i(u) = -u**2 - u + 1. Let b(h) = 9*h**2 + 4*h - 2. Let j(s) = b(s) + i(s). Is j(-2) a prime number?
False
Suppose -2*o + 3*v - 9 = 0, -3*v = 2*o + 24 + 3. Let s(n) = 4*n**2 - 10*n - 35. Is s(o) composite?
False
Suppose 57*c - 6387 = 56*c. Is c a composite number?
True
Let a = -166 + 80. Let s = a - -99. Is s composite?
False
Let l = 32 + -33. Let k(s) = -377*s**3 + s + 1. Is k(l) composite?
True
Suppose -4 = 4*d + 5*v + 26, 2*d + 5*v + 10 = 0. Let b(j) be the third derivative of -j**4/6 - 5*j**3/6 + 3*j**2. Is b(d) composite?
True
Let u(a) = 2*a**2 + a + 1. Let j be -2*((-1)/(-1))/1. Let g be u(j). Suppose 0 = -5*t - 4*r + 291, 8 = -5*r + g*r. Is t prime?
False
Suppose -12 = -3*t - 0*t. Suppose t*d - 44 = -1116. Let u = -57 - d. Is u a prime number?
True
Is 8/16*35730 + -2 a composite number?
False
Let i be (6/2)/(-1 + -1 + 3). Suppose 0*x + 114 = 2*b - 2*x, 0 = -i*b - 4*x + 143. Is b composite?
False
Suppose -z + 12540 = 3*z - n, -4*z + 3*n = -12532. Suppose m - 2*u = -5*u + 1543, 0 = -2*m + 4*u + z. Let y = m + -863. Is y prime?
False
Let v(h) = -4480*h - 57. Is v(-5) a prime number?
True
Suppose 0 = 8*r - 5*r + 375. Let i(w) = w**3 - 6*w**2 + 8*w. Let z be i(8). Let y = r + z. Is y prime?
True
Suppose 4*d = -s + 17, 2*d + 4*s = 3*d. Suppose -n = -x - 4 